 f(d) = -d**3 - 4*d**2 + 5*d + 4. Calculate f(c).
4
Let o(h) = -12*h - 26. Let g(k) = 3*k - 3*k + 4*k + 9. Let a(i) = -17*g(i) - 6*o(i). Let x be ((-4)/(-8))/((-1)/4). Calculate a(x).
-5
Let p(m) be the second derivative of m**2 - m**3 + 1/12*m**4 - 2*m + 0. Calculate p(4).
-6
Let k(f) be the first derivative of 3*f - 1/2*f**2 + 1/3*f**3 - 2. What is k(3)?
9
Let k(u) = 14*u + 1. Suppose 5*o = 5*a + 10, 0*a - 5 = 2*a - 3*o. Give k(a).
-13
Let r(b) be the second derivative of b**4/12 + 5*b**3/6 + b**2/2 - 47*b. Give r(-5).
1
Suppose -p + 22 = 5*n, 4*p - 12 = 8*p. Suppose 5*w - 35 = -5*m, -4*w - m + 1 + 12 = 0. Let g(i) = -i + w*i**2 - i**2 - 2*i - 7. What is g(n)?
3
Suppose 15 + 3 = -3*c. Let d be (-4)/6*45/c. Suppose 3*j + 1 = -d. Let k(z) = z**3 + 2*z**2 - z - 2. What is k(j)?
0
Let h(i) = 4*i + 1. Suppose -3*k + 3 = 6. What is h(k)?
-3
Let y(s) = -s**3 - 3*s**2 - s. Let j = 8 + 0. Suppose -2 = -2*a + 4*b, -2*a - b + 0*b = j. Determine y(a).
3
Let q(c) = -c**2 + 8*c - 5. Suppose 0 = -3*m - 0*m + 18. Determine q(m).
7
Let x(t) be the third derivative of -t**6/120 - t**5/12 - t**4/6 + 2*t**2. Calculate x(-3).
-6
Suppose 0 = -9*l - 6*l - 75. Let s(f) = -f**3 - 4*f**2 + 5*f. Determine s(l).
0
Let r(k) = 2*k**2 + 9*k - 6. Let d(v) = v**2 + 4*v - 3. Let p(o) = -5*d(o) + 2*r(o). Give p(-3).
0
Let g(p) be the first derivative of p**3 - p**2 - 2*p + 1. Determine g(2).
6
Let d(t) be the second derivative of -t**5/20 - 7*t**4/12 - 5*t**3/6 - t**2/2 - 7*t. Calculate d(-6).
-7
Suppose 51*g - 48*g + 18 = 0. Let d(n) = 2*n**2 + 9*n + 2. What is d(g)?
20
Let a(f) = f - 1. Let n(u) = 9*u - 8. Let b(w) = -24*a(w) + 3*n(w). Let p be b(1). Let t(c) = 2*c + 1. What is t(p)?
7
Let z(s) be the third derivative of s**6/120 - 7*s**5/60 + s**4/4 + 4*s**3/3 - 25*s**2. Determine z(6).
8
Let w(k) be the first derivative of -k**2/2 - 1. Let n be w(-2). Let f(z) = z + 0*z + 0*z**n + 2*z**2. Calculate f(-1).
1
Let o(g) be the third derivative of -1/24*g**4 + 0*g + 1/6*g**3 + 8*g**2 + 0. Determine o(-4).
5
Suppose 3*d = d + 6. Let u(p) = -3*p**2 + 3*p - 2. What is u(d)?
-20
Let g(k) = -4*k**2 + 2*k**2 - 3 + 2 - 2*k + 2. Determine g(1).
-3
Let u(k) = -k**3 - 3*k**2 + k - 2. Let g(x) = -x**3 - 26*x**2 - 26*x - 28. Let p be g(-25). Calculate u(p).
-5
Let r(m) = -10*m + 2. Let q(n) = 11*n - 2. Let o(y) = -5*q(y) - 6*r(y). Let g be (4/(-3) - -1)*-30. Suppose 2*l + g = 4*b, 2 = -3*b + l + 9. Give o(b).
8
Let w(v) = -7*v**2 + v**3 + 6*v**3 - 6*v**3. Give w(7).
0
Let f be 4/(-1) + 5 - 7. Let g(b) = b**3 + 7*b**2 + 8*b + 9. Calculate g(f).
-3
Suppose -8*v + 20 = -28. Let a(d) = -2*d + 7. Determine a(v).
-5
Let x(j) be the third derivative of j**4/4 - 12*j**2. Give x(1).
6
Let f(h) = 13*h**2 - 25*h + 21. Let l(o) = 3*o**2 - 6*o + 5. Let c(z) = 2*f(z) - 9*l(z). Calculate c(3).
0
Let h(d) = -3*d + 2. Suppose -4*g - 6 = 6. Suppose -4*c - 4 = 2*p + 2*p, -4*c = 3*p + 4. Let b = c - g. Give h(b).
-4
Let d(t) = t. Let y(x) = -4*x - 1. Let o(q) = -5*d(q) - y(q). Suppose 0 = -4*g - 24 + 8. Give o(g).
5
Let r(j) = -j + 1. Let m(n) = 7*n. Let p(t) = m(t) + 6*r(t). Suppose 13 = -2*z - 1. Let u be p(z). Let x(k) = 2*k**3 - k. What is x(u)?
-1
Let f(t) = 2 - 5*t - 5*t + 3*t - 3. Calculate f(2).
-15
Let t(w) = -w**3 + 2*w**2 + 4*w - 2. Let d(z) = -z**3 + z**2 + 3. Let x = -10 + 10. Let g be d(x). What is t(g)?
1
Suppose 1 + 5 = 2*q. Let c(x) be the first derivative of x**2 + 3 - 1/3*x**3 - q*x. Calculate c(2).
-3
Let w(c) be the second derivative of -5*c**3/6 + 2*c**2 + c. Give w(4).
-16
Let w(v) be the third derivative of -3*v**2 + 0*v - 1/24*v**4 - 1/20*v**5 + 0*v**3 + 1/240*v**6 + 0. Let r(q) be the second derivative of w(q). Determine r(4).
6
Let i be 2 + -2 + (0 - 6). Let f be 8/i*9/(-6). Let w(x) = x + f*x**2 - 6 - 4*x**2 + 3*x**2. Calculate w(0).
-6
Let j(b) = -4*b**2 - 24*b - 24. Let u(m) = -m**2 - 6*m - 6. Let w be -3*6/9 + 4. Let g(s) = w*j(s) - 9*u(s). Determine g(-4).
-2
Suppose -5*z - 4*y + 5 + 1 = 0, 3*y = -2*z + 1. Let p = z + 0. Let w be ((-6)/(-4))/(-3)*p. Let u(d) = 5*d - 1. What is u(w)?
-6
Suppose -j = 2*j - 6. Let t(h) = -h**j - 1 + 0*h + h + 6*h. Calculate t(6).
5
Let z(m) = -m**2 + 2*m + 4. Suppose -18 = -c + 5*g, 2*c - 3 + 0 = -g. Calculate z(c).
1
Let m = 26 + -12. Let a(d) = m - 9 + d - 2*d. What is a(7)?
-2
Let z = -6 + 6. Suppose v + 0*v + 6 = z. Let c(y) = -y**2 - 6*y + 2. What is c(v)?
2
Let b(z) = 4*z**3 + 28*z**2 - 27*z + 5. Let m(y) = y**3 + 7*y**2 - 7*y + 1. Let p(h) = 2*b(h) - 9*m(h). What is p(-8)?
-7
Let z be ((-4)/(-7))/(-4 - 30/(-7)). Let u(g) be the third derivative of g**5/60 + g**4/12 - g**3/2 + 2*g**2. Determine u(z).
5
Suppose 3*c + 20 = -3*y + 56, 4*c - 5*y - 57 = 0. Suppose 2*j = 5*f, -36 + c = -3*j - 4*f. Let s(p) = -p**2 - 4*p - 7 - 3*p**2 + 1 + p**3. Determine s(j).
-1
Let w(h) = 2*h + 1. Let m = -1 - -3. Suppose -3 = -g, 3*j + 14 - m = 5*g. Calculate w(j).
3
Let p(g) = -g - 4. Suppose -30 = -n + 6*r - r, -r + 27 = 2*n. Let l = -9 + n. Calculate p(l).
-10
Let g = -7 - -11. Let j(u) = -u**3 + 5*u**2 - 2*u - 4. Determine j(g).
4
Let b(o) = o**3 - 5*o**2 + 6. Let w = 1 - -2. Suppose 0*i = -2*i - 3*a + 13, -23 = -4*i - w*a. Give b(i).
6
Let z(y) be the second derivative of y**5/20 - y**4/3 - y**3/3 + 5*y**2/2 - 18*y. Calculate z(4).
-3
Suppose -3*z = -5*z + 5*v + 9, 2*z = 2*v. Let r(n) = n**3 + 4*n**2 - 6*n - 5. Let h(i) = -i**3 - 4*i**2 + 5*i + 4. Let y(d) = 6*h(d) + 5*r(d). What is y(z)?
-10
Let w = -1 + 3. Let p(h) be the third derivative of h**5/60 + h**4/24 - h**3/3 - 2*h**2. Let z(y) = -y**2 - y + 2. Let k(c) = -4*p(c) - 5*z(c). Determine k(w).
4
Let s(g) = 2*g**2 - 2*g - 3. Let m be s(-2). Suppose h - 5*z = 2*h - 18, -2*h + m = z. Let q(b) = -b - 1 + 0*b + h. What is q(-3)?
5
Let k(n) = -n**3 + 13*n**2 - 13*n + 9. Let m be (-4)/6 - 38/(-3). Let d be k(m). Let h(o) = -o**2 - 2*o - 3. Give h(d).
-6
Let o be (-1)/(222/75 + -3). Let x = -17 + o. Let g(z) = -z - x - 2 + 3. Give g(-4).
-3
Let c(m) be the second derivative of -m**5/20 - m**4/6 + m**3/3 - 6*m. Calculate c(-3).
3
Let k(h) = -h**2 - 10*h + 5. Let d(n) = -26*n + 14. Let q(u) = u**2 - 25*u + 14. Let x(v) = 4*d(v) - 3*q(v). Let a(s) = -17*k(s) + 6*x(s). What is a(-3)?
2
Let t(s) = -s**3 + 12*s**2 + 14*s - 16. Let f(g) = -4*g - 43. Let y be f(-14). What is t(y)?
-3
Let o(q) = -2*q**3 + q**2 + 2*q + 1. Let k = 5 - 6. Let c be o(k). Let u(r) = 2*r + r - c*r. Give u(4).
4
Let n(a) be the third derivative of -7/24*a**4 - a**2 + 0 - 2/3*a**3 + 0*a - 1/60*a**5. What is n(-5)?
6
Let d(u) be the second derivative of u**7/1260 + u**6/720 + u**4/2 - 7*u. Let w(p) be the third derivative of d(p). Suppose 0 = -4*a + 5*a + 1. Give w(a).
1
Let l(o) = 2*o**2 - 2*o - 1. Let w be l(2). Let h(t) = -w*t + 12 - t + 3*t. Let q be h(13). Let u(j) = 7*j**2. Calculate u(q).
7
Let i(n) = -13*n**2 + n + 4. Let t(f) be the first derivative of 25*f**3/3 - f**2 - 7*f - 2. Let s(w) = 7*i(w) + 4*t(w). Suppose -v - 1 = -0*v. What is s(v)?
10
Let c(o) = 7*o**3 + 3*o**2 + 2*o + 4. Suppose -4*y - y - 15 = 0. Let r(g) = -4*g**3 - g**2 - g - 2. Let j(i) = y*c(i) - 5*r(i). Give j(-4).
2
Let f = -2 - -6. Let j(x) = x**2 - x - 1. Let b(c) = c**3 + c**2 - 8. Let d(k) = -b(k) + 6*j(k). Determine d(f).
-6
Let p(u) = -3*u**3 + 3*u**2 - u. Let k(g) = -8*g**3 + 9*g**2 - 3*g + 1. Let n(x) = -4*k(x) + 11*p(x). Let c(f) = -2*f + 10. Let r be c(7). Calculate n(r).
8
Let o(r) be the first derivative of r**3/3 + 5*r**2/2 - 4*r + 1. Let n(s) = 3*s + s + 1 - 2*s. Let b be n(-3). Determine o(b).
-4
Let a(r) be the first derivative of -r**3 - r**2/2 + 2*r + 3. Suppose 4*q - i - 10 = q, -4*i - 8 = 4*q. What is a(q)?
-12
Let w(j) = 3*j**2 - j - 7. Let x(u) = -4*u**2 + 7. Let n(p) = -5*w(p) - 4*x(p). Suppose 5*m + 1 = -24. Give n(m).
7
Suppose w + 1 - 2 = 0. Let u(t) = 5*t. What is u(w)?
5
Let y(n) = -n**3 - 5*n**2 - 3*n - 2. Suppose -9 + 24 = 3*g. Suppose -6 = -3*i + 48. Suppose g*w + i = p, -3*p + 2*p + 3*w + 10 = 0. What is y(p)?
-8
Let y(z) = 1 + 12*z - 5*z - 12. Let j(f) = -7 + 6*f + 2 - 2*f. Let d(r) = 5*j(r) - 3*y(r). Determine d(0).
8
Let z(t) = -4*t**2 + 5*t - 2. Let d(q) = 3*q**2 - 5*q + 2. Let g(l) = 3*d(l) + 2*z(l). Suppose 5 + 1 = f. Suppose -2*o - f = -4*o. What is g(o)?
-4
Let h(j) = -6 + 4 - 4 - j**3 + 9*j - 2*j + 6*j**2. Give h(7).
